ainder when 104 is divided by h.
26
Suppose -8*m + 5*m - 7*c + 36 = 0, -2*m - c + 35 = 0. What is the remainder when m is divided by 12?
7
Let r(c) = 3*c**2 + 55*c + 14. Let o be r(-18). Let j(h) = 3*h**2 + 8*h - 3. Calculate the remainder when 19 is divided by j(o).
6
Suppose -335*w + 80*w + 5610 = 0. Calculate the remainder when 4529 is divided by w.
19
What is the remainder when ((50316/(-8))/(-7))/(24/16) is divided by 169?
92
Let h = -5488 - -6850. Calculate the remainder when h is divided by 454.
0
Let f = 0 - 10. Let n = -7 - f. Suppose a = n*d + 21, -a = -5*a + 5*d + 98. Calculate the remainder when a is divided by 10.
7
Suppose -8*x - 23 = -47. Suppose 4*f - x*h = 317, -5*f = -8*f - 5*h + 216. What is the remainder when f is divided by 39?
38
Let f = 5 + -3. Let m be 2/(4/(-8) - -1) + 118. Let v = m + -94. What is the remainder when v is divided by f?
0
Let z = -21810 - -24027. What is the remainder when 4447 is divided by z?
13
What is the remainder when (9 + (-28)/4)/((-2)/2) + 2988 is divided by 23?
19
Let q(k) = -k + 91. Let j = -95 + 60. What is the remainder when q(j) is divided by 45?
36
Calculate the remainder when (-473 + 2)*(480/(-45))/16 is divided by 53.
49
Let b be (-3 - 1)*(3/(-3))/(-1). Let r(a) = 18*a - 32. Let i be r(b). Let u = 129 + i. Calculate the remainder when 174 is divided by u.
24
Suppose -156 - 208 = -4*f. Let s = -86 + f. Suppose -3*h - 36 = -3*q + 744, q - 272 = -s*h. What is the remainder when q is divided by 44?
42
Let n(p) = -p**3 - 3*p**2 - 9*p - 74. Let o be n(-6). Let s = o + 201. What is the remainder when s is divided by 58?
57
Suppose 2*c + 7*c = -6*c + 585. Calculate the remainder when 728 is divided by c.
26
Suppose 0 = 2*y - 5*i + 686 - 2294, 2*y - 1608 = 4*i. Calculate the remainder when y is divided by 24.
12
Let h be (-1148)/35*(-5)/(-2). Let q = h + 105. Calculate the remainder when 66 is divided by q.
20
Suppose -108*r + 105*r + 54 = -3*k, -5*r - 5*k = -80. What is the remainder when 2037 is divided by r?
14
Let l(y) = -424*y + 2249. What is the remainder when 1025 is divided by l(5)?
122
Let c(t) = -t**2 + 30*t + 202. Let o(j) be the first derivative of 5*j**3 + 6. Calculate the remainder when c(35) is divided by o(-1).
12
Let s(g) = g**2 - 27*g + 20. Let m be s(26). What is the remainder when 150 is divided by ((-8)/m)/(12/351)?
33
Let b = -307 - -355. Suppose 97*d - b = 95*d. What is the remainder when 79 is divided by d?
7
Let c(d) = -d + 32. Calculate the remainder when (-1051)/(-10) + 1210/(-100) + 12 is divided by c(9).
13
What is the remainder when 1510 is divided by 90/(-36) + (-607)/(-2)?
5
Suppose -259*m + 1674 = -241*m. What is the remainder when m is divided by 65?
28
Let s be (12 - 36/9)*(3 - 2). Suppose -162 = -s*g - g. Let z = 8 - 5. Calculate the remainder when g is divided by z.
0
Let i be (1 - -3 - 9)*(1 - 2). Calculate the remainder when 1 - 4 - (-83 - 5) is divided by 113/i + -1 + (-18)/(-45).
19
Suppose -14*d - 3*r = -17*d + 1416, 0 = -2*d - 5*r + 895. Calculate the remainder when d is divided by 61.
38
Let i(l) = -l**3 - 16*l**2 + 2*l - 13. Let b be i(-13). Let m = -327 - b. Suppose 8*f = 5*f + m. What is the remainder when f is divided by 25?
23
Calculate the remainder when 4532 is divided by (-664)/(-26)*59 + 39/169.
11
Let l(a) = a**2 + 2*a + 10. Let m = -114 - -119. What is the remainder when l(m) is divided by 34?
11
What is the remainder when 39 + 0/(-2 + 4) is divided by (-264)/(-26) - (16/520)/((-2)/(-10))?
9
Let w(j) = j**2 + 7*j - 461. What is the remainder when w(25) is divided by 15?
9
Let r(z) = -37*z + 7. Let k = -183 - -215. Calculate the remainder when r(-11) is divided by k.
30
Let k = -37 - -37. Let j be -7 + 2 - k - -7. Suppose -3*t + 142 = -j*g, -3*g + 4*g = -3*t + 127. What is the remainder when 218 is divided by t?
42
Let q = -1366 - -1981. What is the remainder when q is divided by 11?
10
Suppose -4*z + 6*z + 197 = -l, 0 = z + l + 99. Let x = z - -79. Let w = x - -50. What is the remainder when w is divided by 8?
7
Suppose -2978 = -4*l - z, 1187 = 5*l - 2*z - 2529. Calculate the remainder when l is divided by 171.
60
Let o = -3598 - -3930. Calculate the remainder when o is divided by 102.
26
Let a = -217 + 250. Suppose 0 = 4*c - c - 573. What is the remainder when c is divided by a?
26
Suppose -4*x = -3*k - 10 - 53, -58 = -4*x - 2*k. Suppose x = -3*w + 3, 3*l - 172 = w. What is the remainder when 222 is divided by l?
54
Suppose 5*m + s - 213 = 169, 0 = 4*s + 12. Suppose -60 = -3*t + 3*w, -3*w = -4*t + 2*w + m. Calculate the remainder when t is divided by -25 + -5 + 48 + -9.
5
Suppose a - 112*t + 122*t - 4409 = 0, 4420 = a - t. What is the remainder when a is divided by 6?
3
Let x = 24 + -21. Let q = 2619 - 2575. What is the remainder when q is divided by x?
2
Let i = -393 - -701. Let h = i + -159. What is the remainder when h is divided by 22?
17
Suppose 5*l + 3*o - 246 = 2*l, -244 = -3*l - 2*o. Let i be (1337/28)/((-5)/(-80)). Let u = i + -747. Calculate the remainder when l is divided by u.
12
Let r = -12586 - -14422. Calculate the remainder when r is divided by 46.
42
Calculate the remainder when (-21666)/(-60) + 6/(-10) - 6/4 is divided by 67.
24
Let b = 13854 + -13847. What is the remainder when 11946 is divided by b?
4
Let c = -5 + 36. Let j be -18 + 16 + 2/((-4)/(-54)). Let t = -16 + j. What is the remainder when c is divided by t?
4
What is the remainder when 1345/15*-9*-1 is divided by 62?
1
Suppose -3*b + 2*x + 208 = 0, 2*x = 3*b + 3*x - 220. Suppose -4276 - 2688 + 2271 = -361*c. Calculate the remainder when b is divided by c.
7
Let a = -11246 + 11465. What is the remainder when a is divided by 59?
42
Let m = -117 - 23. What is the remainder when 202 is divided by (210/m)/(1/((-136)/6))?
32
Let t = -594 + 126. Let v = -450 - t. Calculate the remainder when 120 is divided by v.
12
Let v(k) = -8*k**3 + k + 9. Let a be v(-3). What is the remainder when ((-2)/(-4))/(-5 - (-1113)/a) is divided by 11?
4
Let f(s) = 8*s**2 - 30*s - 173. What is the remainder when 209 is divided by f(-4)?
59
Let u(s) = 2*s + 3. Suppose -3*b + 5*f + 10 = 0, -7*b + 22 = -6*b + 3*f. Suppose -b*v = -11*v + 117. What is the remainder when v is divided by u(6)?
12
What is the remainder when ((-1)/5*23 + 7)/((-3)/(-420)) is divided by 82?
8
Suppose 4*q - 23*q = 114. Calculate the remainder when 347 is divided by (-24800)/(-350) + q/7.
67
Suppose -2*i - u + 23 = 0, -2*i + u + 3 = -22. Suppose -n = 2*g - 3, -3*n + i = -g - 4. What is the remainder when 18 is divided by g/3*3*-10?
8
Let f = 639 - 328. Let u = 105820 - 105741. What is the remainder when f is divided by u?
74
Let c(y) = 2*y**2 - 72*y + 276. What is the remainder when 887 is divided by c(4)?
7
Let d = -5 - -10. Suppose d*c - 48 - 267 = 0. Suppose 49 = 4*l - c. Calculate the remainder when l is divided by 5.
3
Calculate the remainder when (-6959)/(-3) + 14/6 - -11 is divided by 156.
149
Suppose -8*d + 7*d = -41. Suppose -112*j + 295 = -96*j + 55. Calculate the remainder when d is divided by j.
11
Let c(r) = -r**3 - 32*r**2 + 14*r - 220. What is the remainder when c(-33) is divided by 61?
41
Suppose 0 = -54*r + 56*r - 280. Suppose 116 = q - 5*p - r, -4*q + 1066 = p. What is the remainder when q is divided by 86?
8
Suppose -2*w + 275 = 139 + 112. Suppose 2*z - 4*z = -10. What is the remainder when w is divided by z?
2
Suppose -6*s - 6 = -7*s. Let u = -14 - -2. Let a = u + 27. Calculate the remainder when a is divided by s.
3
Suppose -2*j - 1476 = -2*u, -u + 2*j + 445 = -293. What is the remainder when u is divided by 181?
14
Let c be (-39)/26 - (-861)/2. Suppose 53*o - 20*o = c. Calculate the remainder when 116 is divided by o.
12
Suppose f - 2855 = -4*h + 3182, 4*h - 3*f - 6049 = 0. Suppose -h = -3*a + y, -4*a - 3*y + 761 + 1235 = 0. Calculate the remainder when a is divided by 84.
82
Suppose -p = -13*d + 10*d + 134, -2*p - 176 = -4*d. What is the remainder when d is divided by (6/(-2) + 10)*1?
4
Let x = -8759 + 15477. Calculate the remainder when x is divided by 105.
103
Suppose 0 = 5*u + u - 18. Suppose 56 = 3*x + 4*n, 0 = 3*x + u*n - 9 - 45. Let f = -95 + 173. Calculate the remainder when f is divided by x.
14
Let b be (-42)/(-15) - 3/(-15). Let c = -159 - -176. Suppose 3*i + b*v - 10 - c = 0, 0 = -4